t common factor of 11412 and 108.
36
Calculate the highest common factor of 11446 and 2910.
194
What is the greatest common factor of 348988 and 516?
172
Calculate the highest common divisor of 276 and 155894.
46
What is the greatest common divisor of 6688 and 1504?
32
Calculate the greatest common factor of 28 and 13972.
28
Calculate the highest common divisor of 5620 and 64.
4
What is the greatest common factor of 32 and 13832?
8
What is the greatest common divisor of 12697987 and 82?
41
What is the greatest common factor of 91 and 5889?
13
Calculate the greatest common divisor of 4431 and 7203.
21
What is the greatest common factor of 237 and 49691?
79
Calculate the highest common divisor of 1974 and 91462.
658
What is the highest common factor of 302565 and 15?
15
Calculate the greatest common divisor of 1197 and 942438.
399
Calculate the highest common factor of 83 and 13296019.
83
Calculate the greatest common factor of 190 and 2468195.
95
Calculate the highest common factor of 23 and 125051.
23
What is the highest common factor of 11 and 40678?
11
Calculate the highest common divisor of 44406 and 144.
18
What is the highest common divisor of 680465 and 80?
5
What is the highest common factor of 125686 and 2552?
638
What is the greatest common divisor of 199283 and 7?
7
What is the highest common divisor of 115172 and 16?
4
What is the greatest common divisor of 63 and 82341?
63
What is the highest common divisor of 1394 and 187?
17
Calculate the highest common divisor of 2701 and 3589.
37
What is the greatest common factor of 8907 and 3?
3
What is the greatest common divisor of 434 and 19313?
217
What is the greatest common factor of 21432 and 95304?
456
Calculate the highest common factor of 559347 and 1128.
141
What is the greatest common divisor of 34091 and 38761?
467
What is the highest common divisor of 72 and 50472?
72
What is the greatest common factor of 22227 and 11472?
717
Calculate the highest common factor of 5593 and 1258.
17
What is the highest common divisor of 1404 and 4641?
39
What is the greatest common factor of 3322 and 7097?
151
What is the greatest common divisor of 61707 and 201?
201
What is the highest common divisor of 189 and 62895?
21
What is the highest common divisor of 77822 and 668?
334
What is the highest common divisor of 2176 and 136?
136
What is the greatest common divisor of 10936336 and 752?
752
Calculate the greatest common factor of 8937 and 2151.
9
What is the greatest common factor of 698180 and 140?
140
Calculate the highest common factor of 42679 and 7889.
49
What is the highest common divisor of 14126 and 284538?
2018
What is the highest common divisor of 15 and 69?
3
What is the greatest common factor of 15 and 10310?
5
What is the highest common divisor of 5549 and 9827?
31
Calculate the greatest common divisor of 117 and 5436.
9
Calculate the highest common factor of 158538 and 6.
6
What is the highest common divisor of 29987 and 382?
191
What is the greatest common divisor of 132 and 68728?
44
What is the greatest common divisor of 12 and 1474098?
6
What is the greatest common factor of 14202 and 162?
54
What is the highest common factor of 24576 and 219?
3
Calculate the highest common divisor of 4205289 and 33.
33
What is the highest common factor of 172134 and 1898?
146
Calculate the greatest common factor of 5 and 12205.
5
What is the highest common divisor of 594 and 141537?
33
Calculate the highest common factor of 54960 and 5120.
80
What is the greatest common divisor of 118262 and 986?
58
What is the highest common factor of 3290 and 139055?
35
What is the highest common divisor of 16929 and 684?
171
What is the highest common factor of 40 and 41384?
8
Calculate the greatest common factor of 6111 and 10899.
63
What is the greatest common divisor of 49 and 47124?
7
Calculate the highest common divisor of 45 and 1475055.
45
Calculate the greatest common divisor of 28 and 19392.
4
What is the greatest common divisor of 112728 and 60?
12
What is the highest common divisor of 2880 and 127680?
960
Calculate the greatest common factor of 88 and 50941.
11
What is the greatest common factor of 176 and 224620?
44
What is the highest common factor of 487 and 910690?
487
Calculate the greatest common factor of 19598 and 820.
82
Calculate the highest common factor of 1509295 and 790.
395
Calculate the greatest common factor of 169360 and 73.
73
What is the highest common divisor of 5523 and 1223739?
789
What is the highest common divisor of 117299 and 52?
13
Calculate the greatest common factor of 558985 and 140.
35
Calculate the greatest common divisor of 23680 and 30.
10
What is the highest common divisor of 735 and 4365?
15
What is the highest common factor of 4725 and 81?
27
Calculate the highest common divisor of 8943 and 11.
11
Calculate the highest common divisor of 50841 and 538.
269
Calculate the greatest common divisor of 24714 and 261.
9
Calculate the highest common factor of 440 and 7832.
88
What is the highest common divisor of 47801 and 13?
13
What is the greatest common divisor of 236 and 12154?
118
Calculate the highest common factor of 970764 and 10.
2
What is the highest common divisor of 393 and 142397?
131
What is the greatest common factor of 55 and 38515?
5
Calculate the highest common divisor of 1372844 and 13698.
1522
Calculate the highest common factor of 312 and 905034.
78
What is the highest common divisor of 12 and 6873576?
12
Calculate the greatest common factor of 740 and 1916600.
740
Calculate the highest common factor of 10098 and 374.
374
What is the highest common divisor of 3168 and 6240?
96
What is the highest common divisor of 27430 and 4460?
10
What is the greatest common divisor of 4420 and 36686?
442
Calculate the greatest common divisor of 411 and 9.
3
What is the greatest common factor of 360 and 1944?
72
Calculate the greatest common divisor of 217529 and 30581.
577
What is the greatest common factor of 464135 and 3560?
445
Calculate the highest common divisor of 1530 and 1510875.
765
What is the highest common factor of 166 and 3?
1
Calculate the greatest common divisor of 185335 and 5555.
505
What is the highest common divisor of 2925 and 26775?
225
Calculate the highest common divisor of 1264 and 18255952.
1264
Calculate the greatest common divisor of 38826 and 15818.
1438
Calculate the greatest common divisor of 214782 and 6.
6
Calculate the highest common divisor of 2504680 and 16.
8
What is the greatest common factor of 531154 and 93?
31
Calculate the highest common factor of 96 and 258.
6
Calculate the highest common factor of 50335 and 35.
5
What is the highest common factor of 1189 and 20503?
29
Calculate the greatest common divisor of 546281 and 177.
59
Calculate the greatest common divisor of 25 and 243025.
25
What is the greatest common divisor of 6835 and 45?
5
Calculate the highest common divisor of 216 and 21069.
9
What is the greatest common divisor of 4750 and 221625?
125
Calculate the greatest common divisor of 1337187 and 699.
699
What is the greatest common factor of 59587 and 44?
11
What is the greatest common factor of 17894 and 161?
23
What is the greatest common divisor of 6670 and 322?
46
Calculate the greatest common factor of 15533 and 27979.
49
What is the greatest common divisor of 260 and 142580?
20
Calculate the highest common factor of 108 and 315144.
108
What is the highest common divisor of 22018 and 1414?
202
Calculate the highest common divisor of 9680 and 796664.
968
Calculate the greatest common divisor of 154318 and 186.
62
Calculate the greatest common factor of 2310 and 4318545.
1155
What is the highest common factor of 121418 and 66?
22
What is the highest common factor of 1710 and 128610?
90
Calculate the highest common divisor of 708 and 54044.
236
What is the highest common divisor of 19 and 76513?
19
Calculate the greatest common factor of 187 and 2227.
17
Calculate the highest common divisor of 114 and 2587686.
114
What is the greatest common factor of 464 and 37440?
16
What is the highest common factor of 278942 and 3376?
422
Calculate the highest common factor of 28 and 340.
4
What is the highest common divisor of 194 and 614?
2
What is the greatest common divisor of 1632 and 22104?
24
What is the g